{"id":295,"date":"2023-11-28T14:37:53","date_gmt":"2023-11-28T13:37:53","guid":{"rendered":"https:\/\/www.terra.fr\/?page_id=295"},"modified":"2024-12-11T15:13:07","modified_gmt":"2024-12-11T14:13:07","slug":"3d-maquettes-numeriques","status":"publish","type":"page","link":"https:\/\/www.terra.fr\/index.php\/3d-maquettes-numeriques\/","title":{"rendered":"3D, maquettes num\u00e9riques"},"content":{"rendered":"\t\t<div data-elementor-type=\"wp-page\" data-elementor-id=\"295\" class=\"elementor elementor-295\" data-elementor-post-type=\"page\">\n\t\t\t\t\t\t<section class=\"elementor-section elementor-top-section elementor-element elementor-element-237f614e elementor-section-content-middle elementor-section-boxed elementor-section-height-default elementor-section-height-default\" data-id=\"237f614e\" data-element_type=\"section\">\n\t\t\t\t\t\t<div class=\"elementor-container elementor-column-gap-no\">\n\t\t\t\t\t<div class=\"elementor-column elementor-col-50 elementor-top-column elementor-element elementor-element-11bc3575\" data-id=\"11bc3575\" data-element_type=\"column\">\n\t\t\t<div class=\"elementor-widget-wrap elementor-element-populated\">\n\t\t\t\t\t\t<div class=\"elementor-element elementor-element-3945f4d7 elementor-widget-divider--view-line elementor-widget elementor-widget-divider\" data-id=\"3945f4d7\" data-element_type=\"widget\" data-widget_type=\"divider.default\">\n\t\t\t\t<div class=\"elementor-widget-container\">\n\t\t\t\t\t<div class=\"elementor-divider\">\n\t\t\t<span class=\"elementor-divider-separator\">\n\t\t\t\t\t\t<\/span>\n\t\t<\/div>\n\t\t\t\t<\/div>\n\t\t\t\t<\/div>\n\t\t\t\t\t<\/div>\n\t\t<\/div>\n\t\t\t\t<div class=\"elementor-column elementor-col-50 elementor-top-column elementor-element elementor-element-23e8c58f\" data-id=\"23e8c58f\" data-element_type=\"column\">\n\t\t\t<div class=\"elementor-widget-wrap elementor-element-populated\">\n\t\t\t\t\t\t<div class=\"elementor-element elementor-element-3ddca46c elementor-widget elementor-widget-heading\" data-id=\"3ddca46c\" data-element_type=\"widget\" data-widget_type=\"heading.default\">\n\t\t\t\t<div class=\"elementor-widget-container\">\n\t\t\t<h4 class=\"elementor-heading-title elementor-size-default\">3D - Maquettes num\u00e9riques<\/h4>\t\t<\/div>\n\t\t\t\t<\/div>\n\t\t\t\t<div class=\"elementor-element elementor-element-6eb0f493 elementor-widget elementor-widget-text-editor\" data-id=\"6eb0f493\" data-element_type=\"widget\" data-widget_type=\"text-editor.default\">\n\t\t\t\t<div class=\"elementor-widget-container\">\n\t\t\t\t\t\t\t<p>L&rsquo;\u00e9tablissement de relev\u00e9s 3D est une expertise cl\u00e9 de notre cabinet, permettant la capture pr\u00e9cise des donn\u00e9es tridimensionnelles de sites, b\u00e2timents ou infrastructures. L\u2019acquisition des donn\u00e9es est r\u00e9alis\u00e9e par l\u2019utilisation de scanners statiques ou mobiles, de drones par m\u00e9thode photogramm\u00e9trique ou par lidar. Les donn\u00e9es sont ensuite utilis\u00e9es pour \u00e9tablir des maquettes num\u00e9riques d\u00e9taill\u00e9es, offrant une visualisation immersive et une base solide pour la planification, la conception et la gestion de projets. Elles sont essentielles pour optimiser la prise de d\u00e9cision, la coordination des \u00e9quipes, et la r\u00e9duction des co\u00fbts dans le secteur de la construction.\u00a0<\/p>\t\t\t\t\t\t<\/div>\n\t\t\t\t<\/div>\n\t\t\t\t\t<\/div>\n\t\t<\/div>\n\t\t\t\t\t<\/div>\n\t\t<\/section>\n\t\t\t\t<\/div>\n\t\t","protected":false},"excerpt":{"rendered":"<p>3D &#8211; Maquettes num\u00e9riques L&rsquo;\u00e9tablissement de relev\u00e9s 3D est une expertise cl\u00e9 de notre cabinet, permettant la capture pr\u00e9cise des donn\u00e9es tridimensionnelles de sites, b\u00e2timents ou infrastructures. L\u2019acquisition des donn\u00e9es est r\u00e9alis\u00e9e par l\u2019utilisation de scanners statiques ou mobiles, de drones par m\u00e9thode photogramm\u00e9trique ou par lidar. Les donn\u00e9es sont ensuite utilis\u00e9es pour \u00e9tablir des [&hellip;]<\/p>\n","protected":false},"author":2,"featured_media":0,"parent":0,"menu_order":0,"comment_status":"closed","ping_status":"closed","template":"","meta":{"footnotes":""},"class_list":["post-295","page","type-page","status-publish","hentry"],"yoast_head":"<!-- This site is optimized with the Yoast SEO plugin v24.0 - https:\/\/yoast.com\/wordpress\/plugins\/seo\/ -->\n<title>3D, maquettes num\u00e9riques - TERRA<\/title>\n<meta name=\"robots\" content=\"index, follow, max-snippet:-1, max-image-preview:large, max-video-preview:-1\" \/>\n<link rel=\"canonical\" href=\"https:\/\/www.terra.fr\/index.php\/3d-maquettes-numeriques\/\" \/>\n<meta property=\"og:locale\" content=\"fr_FR\" \/>\n<meta property=\"og:type\" content=\"article\" \/>\n<meta property=\"og:title\" content=\"3D, maquettes num\u00e9riques - TERRA\" \/>\n<meta property=\"og:description\" content=\"3D &#8211; Maquettes num\u00e9riques L&rsquo;\u00e9tablissement de relev\u00e9s 3D est une expertise cl\u00e9 de notre cabinet, permettant la capture pr\u00e9cise des donn\u00e9es tridimensionnelles de sites, b\u00e2timents ou infrastructures. L\u2019acquisition des donn\u00e9es est r\u00e9alis\u00e9e par l\u2019utilisation de scanners statiques ou mobiles, de drones par m\u00e9thode photogramm\u00e9trique ou par lidar. Les donn\u00e9es sont ensuite utilis\u00e9es pour \u00e9tablir des [&hellip;]\" \/>\n<meta property=\"og:url\" content=\"https:\/\/www.terra.fr\/index.php\/3d-maquettes-numeriques\/\" \/>\n<meta property=\"og:site_name\" content=\"TERRA\" \/>\n<meta property=\"article:modified_time\" content=\"2024-12-11T14:13:07+00:00\" \/>\n<meta name=\"twitter:card\" content=\"summary_large_image\" \/>\n<meta name=\"twitter:label1\" content=\"Dur\u00e9e de lecture estim\u00e9e\" \/>\n\t<meta name=\"twitter:data1\" content=\"1 minute\" \/>\n<script type=\"application\/ld+json\" class=\"yoast-schema-graph\">{\"@context\":\"https:\/\/schema.org\",\"@graph\":[{\"@type\":\"WebPage\",\"@id\":\"https:\/\/www.terra.fr\/index.php\/3d-maquettes-numeriques\/\",\"url\":\"https:\/\/www.terra.fr\/index.php\/3d-maquettes-numeriques\/\",\"name\":\"3D, maquettes num\u00e9riques - TERRA\",\"isPartOf\":{\"@id\":\"http:\/\/www.terra.fr\/#website\"},\"datePublished\":\"2023-11-28T13:37:53+00:00\",\"dateModified\":\"2024-12-11T14:13:07+00:00\",\"breadcrumb\":{\"@id\":\"https:\/\/www.terra.fr\/index.php\/3d-maquettes-numeriques\/#breadcrumb\"},\"inLanguage\":\"fr-FR\",\"potentialAction\":[{\"@type\":\"ReadAction\",\"target\":[\"https:\/\/www.terra.fr\/index.php\/3d-maquettes-numeriques\/\"]}]},{\"@type\":\"BreadcrumbList\",\"@id\":\"https:\/\/www.terra.fr\/index.php\/3d-maquettes-numeriques\/#breadcrumb\",\"itemListElement\":[{\"@type\":\"ListItem\",\"position\":1,\"name\":\"Accueil\",\"item\":\"http:\/\/www.terra.fr\/\"},{\"@type\":\"ListItem\",\"position\":2,\"name\":\"3D, maquettes num\u00e9riques\"}]},{\"@type\":\"WebSite\",\"@id\":\"http:\/\/www.terra.fr\/#website\",\"url\":\"http:\/\/www.terra.fr\/\",\"name\":\"TERRA G\u00e9om\u00e8tres-Experts\",\"description\":\"\",\"publisher\":{\"@id\":\"http:\/\/www.terra.fr\/#organization\"},\"potentialAction\":[{\"@type\":\"SearchAction\",\"target\":{\"@type\":\"EntryPoint\",\"urlTemplate\":\"http:\/\/www.terra.fr\/?s={search_term_string}\"},\"query-input\":{\"@type\":\"PropertyValueSpecification\",\"valueRequired\":true,\"valueName\":\"search_term_string\"}}],\"inLanguage\":\"fr-FR\"},{\"@type\":\"Organization\",\"@id\":\"http:\/\/www.terra.fr\/#organization\",\"name\":\"TERRA G\u00e9om\u00e8tres-Experts\",\"url\":\"http:\/\/www.terra.fr\/\",\"logo\":{\"@type\":\"ImageObject\",\"inLanguage\":\"fr-FR\",\"@id\":\"http:\/\/www.terra.fr\/#\/schema\/logo\/image\/\",\"url\":\"https:\/\/www.terra.fr\/wp-content\/uploads\/2022\/11\/RVB_GE_signature_20CM.png\",\"contentUrl\":\"https:\/\/www.terra.fr\/wp-content\/uploads\/2022\/11\/RVB_GE_signature_20CM.png\",\"width\":791,\"height\":578,\"caption\":\"TERRA G\u00e9om\u00e8tres-Experts\"},\"image\":{\"@id\":\"http:\/\/www.terra.fr\/#\/schema\/logo\/image\/\"}}]}<\/script>\n<!-- \/ Yoast SEO plugin. -->","yoast_head_json":{"title":"3D, maquettes num\u00e9riques - TERRA","robots":{"index":"index","follow":"follow","max-snippet":"max-snippet:-1","max-image-preview":"max-image-preview:large","max-video-preview":"max-video-preview:-1"},"canonical":"https:\/\/www.terra.fr\/index.php\/3d-maquettes-numeriques\/","og_locale":"fr_FR","og_type":"article","og_title":"3D, maquettes num\u00e9riques - TERRA","og_description":"3D &#8211; Maquettes num\u00e9riques L&rsquo;\u00e9tablissement de relev\u00e9s 3D est une expertise cl\u00e9 de notre cabinet, permettant la capture pr\u00e9cise des donn\u00e9es tridimensionnelles de sites, b\u00e2timents ou infrastructures. L\u2019acquisition des donn\u00e9es est r\u00e9alis\u00e9e par l\u2019utilisation de scanners statiques ou mobiles, de drones par m\u00e9thode photogramm\u00e9trique ou par lidar. Les donn\u00e9es sont ensuite utilis\u00e9es pour \u00e9tablir des [&hellip;]","og_url":"https:\/\/www.terra.fr\/index.php\/3d-maquettes-numeriques\/","og_site_name":"TERRA","article_modified_time":"2024-12-11T14:13:07+00:00","twitter_card":"summary_large_image","twitter_misc":{"Dur\u00e9e de lecture estim\u00e9e":"1 minute"},"schema":{"@context":"https:\/\/schema.org","@graph":[{"@type":"WebPage","@id":"https:\/\/www.terra.fr\/index.php\/3d-maquettes-numeriques\/","url":"https:\/\/www.terra.fr\/index.php\/3d-maquettes-numeriques\/","name":"3D, maquettes num\u00e9riques - TERRA","isPartOf":{"@id":"http:\/\/www.terra.fr\/#website"},"datePublished":"2023-11-28T13:37:53+00:00","dateModified":"2024-12-11T14:13:07+00:00","breadcrumb":{"@id":"https:\/\/www.terra.fr\/index.php\/3d-maquettes-numeriques\/#breadcrumb"},"inLanguage":"fr-FR","potentialAction":[{"@type":"ReadAction","target":["https:\/\/www.terra.fr\/index.php\/3d-maquettes-numeriques\/"]}]},{"@type":"BreadcrumbList","@id":"https:\/\/www.terra.fr\/index.php\/3d-maquettes-numeriques\/#breadcrumb","itemListElement":[{"@type":"ListItem","position":1,"name":"Accueil","item":"http:\/\/www.terra.fr\/"},{"@type":"ListItem","position":2,"name":"3D, maquettes num\u00e9riques"}]},{"@type":"WebSite","@id":"http:\/\/www.terra.fr\/#website","url":"http:\/\/www.terra.fr\/","name":"TERRA G\u00e9om\u00e8tres-Experts","description":"","publisher":{"@id":"http:\/\/www.terra.fr\/#organization"},"potentialAction":[{"@type":"SearchAction","target":{"@type":"EntryPoint","urlTemplate":"http:\/\/www.terra.fr\/?s={search_term_string}"},"query-input":{"@type":"PropertyValueSpecification","valueRequired":true,"valueName":"search_term_string"}}],"inLanguage":"fr-FR"},{"@type":"Organization","@id":"http:\/\/www.terra.fr\/#organization","name":"TERRA G\u00e9om\u00e8tres-Experts","url":"http:\/\/www.terra.fr\/","logo":{"@type":"ImageObject","inLanguage":"fr-FR","@id":"http:\/\/www.terra.fr\/#\/schema\/logo\/image\/","url":"https:\/\/www.terra.fr\/wp-content\/uploads\/2022\/11\/RVB_GE_signature_20CM.png","contentUrl":"https:\/\/www.terra.fr\/wp-content\/uploads\/2022\/11\/RVB_GE_signature_20CM.png","width":791,"height":578,"caption":"TERRA G\u00e9om\u00e8tres-Experts"},"image":{"@id":"http:\/\/www.terra.fr\/#\/schema\/logo\/image\/"}}]}},"_links":{"self":[{"href":"https:\/\/www.terra.fr\/index.php\/wp-json\/wp\/v2\/pages\/295","targetHints":{"allow":["GET"]}}],"collection":[{"href":"https:\/\/www.terra.fr\/index.php\/wp-json\/wp\/v2\/pages"}],"about":[{"href":"https:\/\/www.terra.fr\/index.php\/wp-json\/wp\/v2\/types\/page"}],"author":[{"embeddable":true,"href":"https:\/\/www.terra.fr\/index.php\/wp-json\/wp\/v2\/users\/2"}],"replies":[{"embeddable":true,"href":"https:\/\/www.terra.fr\/index.php\/wp-json\/wp\/v2\/comments?post=295"}],"version-history":[{"count":10,"href":"https:\/\/www.terra.fr\/index.php\/wp-json\/wp\/v2\/pages\/295\/revisions"}],"predecessor-version":[{"id":841,"href":"https:\/\/www.terra.fr\/index.php\/wp-json\/wp\/v2\/pages\/295\/revisions\/841"}],"wp:attachment":[{"href":"https:\/\/www.terra.fr\/index.php\/wp-json\/wp\/v2\/media?parent=295"}],"curies":[{"name":"wp","href":"https:\/\/api.w.org\/{rel}","templated":true}]}}